{"id":807,"date":"2015-02-02T19:39:07","date_gmt":"2015-02-02T19:39:07","guid":{"rendered":"http:\/\/theme-fusion.com\/avada_demos_xml\/cafe\/?page_id=9"},"modified":"2016-06-22T01:35:42","modified_gmt":"2016-06-21T22:35:42","slug":"despre-noi","status":"publish","type":"page","link":"https:\/\/www.creativexpo.ro\/index.php\/despre-noi\/","title":{"rendered":"Despre noi"},"content":{"rendered":"<div style='padding-bottom:10px;color:#002b66;' class='av-special-heading av-special-heading-h3 custom-color-heading   '><h3 class='av-special-heading-tag'  itemprop=\"headline\"  >DESPRE NOI<\/h3><div class='special-heading-border'><div class='special-heading-inner-border' style='border-color:#002b66'><\/div><\/div><\/div>\n<\/div><\/div><\/div><!-- close content main div --><\/div><\/div><div id='av_section_1' class='avia-section main_color avia-section-default avia-no-shadow avia-bg-style-scroll  container_wrap fullsize'   ><div class='container' ><div class='template-page content  av-content-full alpha units'><div class='post-entry post-entry-type-page post-entry-807'><div class='entry-content-wrapper clearfix'>\n<div class=\"flex_column av_one_half  flex_column_div av-zero-column-padding first  \" style='border-radius:0px; '><p><div style='height:34px' class='hr hr-invisible '><span class='hr-inner ' ><span class='hr-inner-style'><\/span><\/span><\/div><br \/>\n<section class=\"av_textblock_section\"  itemscope=\"itemscope\" itemtype=\"https:\/\/schema.org\/CreativeWork\" ><div class='avia_textblock '  style='font-size:16px; '  itemprop=\"text\" ><p>Suntem o echip\u0103 cu experienta veche in domeniu, t\u00e2n\u0103r\u0103 \u0219i dinamic\u0103, ce vine \u00een sprijinul organizatorilor de expozi\u021bii \u0219i a expozan\u021bilor, ajut\u00e2ndu-i s\u0103 ating\u0103 succesul prin promovarea companiilor \u00eencadrul evenimentelor de profil.<br \/>\nCompanie \u00eenfiin\u021bat\u0103 \u00een 2008, are ca \u0219i obiectiv oferirea de serivicii de o calitate excelent\u0103, respect\u00e2nd termenele limit\u0103 \u0219i specifica\u021biile clien\u021bilor.<br \/>\nSuntem mereu \u00een c\u0103utare de idei \u0219i solu\u021bii pentru a veni \u00een sprijinul nevoilor clien\u021biilor.<\/p>\n<\/div><\/section><\/p><\/div><div class=\"flex_column av_one_half  flex_column_div av-zero-column-padding   \" style='border-radius:0px; '><section class=\"av_textblock_section\"  itemscope=\"itemscope\" itemtype=\"https:\/\/schema.org\/CreativeWork\" ><div class='avia_textblock '  style='font-size:16px; '  itemprop=\"text\" ><p><img decoding=\"async\" loading=\"lazy\" class=\"alignnone size-full wp-image-1108\" src=\"http:\/\/www.creativexpo.ro\/wp-content\/uploads\/2015\/02\/img_01d.png\" alt=\"\" width=\"717\" height=\"278\" srcset=\"https:\/\/www.creativexpo.ro\/wp-content\/uploads\/2015\/02\/img_01d.png 717w, https:\/\/www.creativexpo.ro\/wp-content\/uploads\/2015\/02\/img_01d-300x116.png 300w, https:\/\/www.creativexpo.ro\/wp-content\/uploads\/2015\/02\/img_01d-705x273.png 705w, https:\/\/www.creativexpo.ro\/wp-content\/uploads\/2015\/02\/img_01d-450x174.png 450w\" sizes=\"(max-width: 717px) 100vw, 717px\" \/><\/p>\n<\/div><\/section><\/div>\n\n<\/div><\/div><\/div><!-- close content main div --><\/div><\/div><div id='av_section_2' class='avia-section main_color avia-section-default avia-no-shadow avia-bg-style-scroll  container_wrap fullsize' style = 'background-color: #eaeaea; background-color: #eaeaea; '  ><div class='container' ><div class='template-page content  av-content-full alpha units'><div class='post-entry post-entry-type-page post-entry-807'><div class='entry-content-wrapper clearfix'>\n<div class=\"flex_column av_one_fourth  flex_column_div av-zero-column-padding first  \" style='border-radius:0px; '><section class=\"av_textblock_section\"  itemscope=\"itemscope\" itemtype=\"https:\/\/schema.org\/CreativeWork\" ><div class='avia_textblock '  style='font-size:16px; '  itemprop=\"text\" ><p><img decoding=\"async\" loading=\"lazy\" class=\"alignnone size-full wp-image-1098 aligncenter\" src=\"http:\/\/www.creativexpo.ro\/wp-content\/uploads\/2015\/02\/img_01b.png\" alt=\"\" width=\"167\" height=\"416\" srcset=\"https:\/\/www.creativexpo.ro\/wp-content\/uploads\/2015\/02\/img_01b.png 167w, https:\/\/www.creativexpo.ro\/wp-content\/uploads\/2015\/02\/img_01b-120x300.png 120w\" sizes=\"(max-width: 167px) 100vw, 167px\" \/><\/p>\n<\/div><\/section><\/div><div class=\"flex_column av_one_half  flex_column_div av-zero-column-padding   \" style='border-radius:0px; '><p><div style='height:28px' class='hr hr-invisible '><span class='hr-inner ' ><span class='hr-inner-style'><\/span><\/span><\/div><br \/>\n<div style='padding-bottom:10px;color:#002b66;' class='av-special-heading av-special-heading-h4 custom-color-heading   '><h4 class='av-special-heading-tag'  itemprop=\"headline\"  >DE CE NOI?<\/h4><div class='special-heading-border'><div class='special-heading-inner-border' style='border-color:#002b66'><\/div><\/div><\/div><br \/>\n<section class=\"av_textblock_section\"  itemscope=\"itemscope\" itemtype=\"https:\/\/schema.org\/CreativeWork\" ><div class='avia_textblock '  style='font-size:16px; '  itemprop=\"text\" ><p>Pentru\u00a0<strong><em>calitatea materialelor <\/em><\/strong>utilizate.<br \/>\nPentru\u00a0<strong><em>rapiditatea construc\u021biei<\/em><\/strong>.<br \/>\nPentru\u00a0<strong><em>seriozitatea oferit\u0103<\/em><\/strong>.<br \/>\nPentru c\u0103 <strong><em>v\u0103\u00a0ascult\u0103m <\/em><\/strong>\u0219ivenim cu <strong><em>propuneri personalizate<\/em><\/strong>pentru nevoile dumneavoastr\u0103.<br \/>\nPentru c\u0103 noi\u00a0<strong><em>comunic\u0103m<\/em><\/strong>\u00a0pe tot parcursul evenimentului cu dumneavoastr\u0103.<br \/>\nOferim\u00a0informa\u021bii reale din teren, comunic\u0103m inclusiv dificult\u0103\u021bile pe care le \u00eent\u00e2mpin\u0103m.<br \/>\nPentru c\u0103 v\u0103 oferim\u00a0<strong><em>echip\u0103 dedicat\u0103 <\/em><\/strong>pe toat\u0103 durata evenimentului.<br \/>\nPentru c\u0103 avem o\u00a0<strong><em>echip\u0103 de speciali\u015fti<\/em><\/strong>\u00a0cu experien\u0163\u0103 relevant\u0103 \u00een domeniul.<br \/>\nPentru <strong><em>costuri reduse <\/em><\/strong>datorit\u0103 consumului mic de kw utiliz\u00e2nd tehnologia led (proiectoare cu led).<\/p>\n<\/div><\/section><\/p><\/div><div class=\"flex_column av_one_fourth  flex_column_div av-zero-column-padding   \" style='border-radius:0px; '><\/div>\n\n<\/div><\/div><\/div><!-- close content main div --><\/div><\/div><div id='av_section_3' class='avia-section main_color avia-section-default avia-no-shadow avia-bg-style-scroll  container_wrap fullsize' style = 'background-color: #eaeaea; background-color: #eaeaea; '  ><div class='container' ><div class='template-page content  av-content-full alpha units'><div class='post-entry post-entry-type-page post-entry-807'><div class='entry-content-wrapper clearfix'>\n<section class=\"av_textblock_section\"  itemscope=\"itemscope\" itemtype=\"https:\/\/schema.org\/CreativeWork\" ><div class='avia_textblock '  style='font-size:19px; '  itemprop=\"text\" ><p><strong>Evenimente<\/strong><\/p>\n<\/div><\/section>\n<div class='avia-gallery avia-gallery-1 avia_lazyload avia_animate_when_visible '  itemscope=\"itemscope\" itemtype=\"https:\/\/schema.org\/ImageObject\" ><div class='avia-gallery-thumb'> <a href='https:\/\/www.creativexpo.ro\/wp-content\/uploads\/2016\/01\/SCE_ev_01-1.png' data-rel='gallery-1' data-prev-img='https:\/\/www.creativexpo.ro\/wp-content\/uploads\/2016\/01\/SCE_ev_01-1-495x400.png' class='first_thumb lightbox ' data-onclick='1' title='Evenimente'  itemprop=\"contentURL\" ><img data-avia-tooltip='Evenimente' src='https:\/\/www.creativexpo.ro\/wp-content\/uploads\/2016\/01\/SCE_ev_01-1-260x185.png' width='260' height='185'  title='SCE_ev_01' alt='' \/><\/a> <a href='https:\/\/www.creativexpo.ro\/wp-content\/uploads\/2016\/01\/SCE_ev_02.png' data-rel='gallery-1' data-prev-img='https:\/\/www.creativexpo.ro\/wp-content\/uploads\/2016\/01\/SCE_ev_02-495x400.png' class='lightbox ' data-onclick='2' title='Evenimente'  itemprop=\"contentURL\" ><img data-avia-tooltip='Evenimente' src='https:\/\/www.creativexpo.ro\/wp-content\/uploads\/2016\/01\/SCE_ev_02-260x185.png' width='260' height='185'  title='SCE_ev_02' alt='' \/><\/a> <a href='https:\/\/www.creativexpo.ro\/wp-content\/uploads\/2016\/01\/SCE_ev_03.png' data-rel='gallery-1' data-prev-img='https:\/\/www.creativexpo.ro\/wp-content\/uploads\/2016\/01\/SCE_ev_03-495x400.png' class='lightbox ' data-onclick='3' title='Evenimente'  itemprop=\"contentURL\" ><img data-avia-tooltip='Evenimente' src='https:\/\/www.creativexpo.ro\/wp-content\/uploads\/2016\/01\/SCE_ev_03-260x185.png' width='260' height='185'  title='SCE_ev_03' alt='' \/><\/a> <a href='https:\/\/www.creativexpo.ro\/wp-content\/uploads\/2016\/01\/SCE_ev_04.png' data-rel='gallery-1' data-prev-img='https:\/\/www.creativexpo.ro\/wp-content\/uploads\/2016\/01\/SCE_ev_04-495x400.png' class='lightbox ' data-onclick='4' title='Evenimente'  itemprop=\"contentURL\" ><img data-avia-tooltip='Evenimente' src='https:\/\/www.creativexpo.ro\/wp-content\/uploads\/2016\/01\/SCE_ev_04-260x185.png' width='260' height='185'  title='SCE_ev_04' alt='' \/><\/a> <a href='https:\/\/www.creativexpo.ro\/wp-content\/uploads\/2016\/01\/SCE_ev_05.png' data-rel='gallery-1' data-prev-img='https:\/\/www.creativexpo.ro\/wp-content\/uploads\/2016\/01\/SCE_ev_05-495x400.png' class='lightbox ' data-onclick='5' title='Evenimente'  itemprop=\"contentURL\" ><img data-avia-tooltip='Evenimente' src='https:\/\/www.creativexpo.ro\/wp-content\/uploads\/2016\/01\/SCE_ev_05-260x185.png' width='260' height='185'  title='SCE_ev_05' alt='' \/><\/a> <a href='https:\/\/www.creativexpo.ro\/wp-content\/uploads\/2016\/01\/SCE_ev_06.png' data-rel='gallery-1' data-prev-img='https:\/\/www.creativexpo.ro\/wp-content\/uploads\/2016\/01\/SCE_ev_06-495x400.png' class='lightbox ' data-onclick='6' title='Evenimente'  itemprop=\"contentURL\" ><img data-avia-tooltip='Evenimente' src='https:\/\/www.creativexpo.ro\/wp-content\/uploads\/2016\/01\/SCE_ev_06-260x185.png' width='260' height='185'  title='SCE_ev_06' alt='' \/><\/a> <a href='https:\/\/www.creativexpo.ro\/wp-content\/uploads\/2016\/01\/SCE_ev_07.png' data-rel='gallery-1' data-prev-img='https:\/\/www.creativexpo.ro\/wp-content\/uploads\/2016\/01\/SCE_ev_07-495x400.png' class='lightbox ' data-onclick='7' title='Evenimente'  itemprop=\"contentURL\" ><img data-avia-tooltip='Evenimente' src='https:\/\/www.creativexpo.ro\/wp-content\/uploads\/2016\/01\/SCE_ev_07-260x185.png' width='260' height='185'  title='SCE_ev_07' alt='' \/><\/a> <a href='https:\/\/www.creativexpo.ro\/wp-content\/uploads\/2016\/01\/SCE_ev_08.png' data-rel='gallery-1' data-prev-img='https:\/\/www.creativexpo.ro\/wp-content\/uploads\/2016\/01\/SCE_ev_08-495x400.png' class='lightbox ' data-onclick='8' title='Evenimente'  itemprop=\"contentURL\" ><img data-avia-tooltip='Evenimente' src='https:\/\/www.creativexpo.ro\/wp-content\/uploads\/2016\/01\/SCE_ev_08-260x185.png' width='260' height='185'  title='SCE_ev_08' alt='' \/><\/a> <a href='https:\/\/www.creativexpo.ro\/wp-content\/uploads\/2016\/01\/SCE_ev_09.png' data-rel='gallery-1' data-prev-img='https:\/\/www.creativexpo.ro\/wp-content\/uploads\/2016\/01\/SCE_ev_09-495x400.png' class='lightbox ' data-onclick='9' title='Evenimente'  itemprop=\"contentURL\" ><img data-avia-tooltip='Evenimente' src='https:\/\/www.creativexpo.ro\/wp-content\/uploads\/2016\/01\/SCE_ev_09-260x185.png' width='260' height='185'  title='SCE_ev_09' alt='' \/><\/a> <a href='https:\/\/www.creativexpo.ro\/wp-content\/uploads\/2016\/01\/SCE_ev_010.png' data-rel='gallery-1' data-prev-img='https:\/\/www.creativexpo.ro\/wp-content\/uploads\/2016\/01\/SCE_ev_010-495x400.png' class='lightbox ' data-onclick='10' title='Evenimente'  itemprop=\"contentURL\" ><img data-avia-tooltip='Evenimente' src='https:\/\/www.creativexpo.ro\/wp-content\/uploads\/2016\/01\/SCE_ev_010-260x185.png' width='260' height='185'  title='SCE_ev_010' alt='' \/><\/a><\/div><\/div>\n<\/div><\/div><\/div><!-- close content main div --><\/div><\/div><div id='av_section_4' class='avia-section main_color avia-section-default avia-no-shadow avia-bg-style-scroll  container_wrap fullsize' style = 'background-color: #002b66; background-color: #002b66; '  ><div class='container' ><div class='template-page content  av-content-full alpha units'><div class='post-entry post-entry-type-page post-entry-807'><div class='entry-content-wrapper clearfix'>\n<div class=\"flex_column av_one_fifth  flex_column_div av-zero-column-padding first  \" style='border-radius:0px; '><\/div><div class=\"flex_column av_one_third  flex_column_div av-zero-column-padding   \" style='border-radius:0px; '><section class=\"av_textblock_section\"  itemscope=\"itemscope\" itemtype=\"https:\/\/schema.org\/CreativeWork\" ><div class='avia_textblock '   itemprop=\"text\" ><p><img decoding=\"async\" loading=\"lazy\" class=\"size-full wp-image-1091 aligncenter\" src=\"http:\/\/www.creativexpo.ro\/wp-content\/uploads\/2015\/02\/img_01a.png\" alt=\"\" width=\"329\" height=\"52\" srcset=\"https:\/\/www.creativexpo.ro\/wp-content\/uploads\/2015\/02\/img_01a.png 329w, https:\/\/www.creativexpo.ro\/wp-content\/uploads\/2015\/02\/img_01a-300x47.png 300w\" sizes=\"(max-width: 329px) 100vw, 329px\" \/><\/p>\n<\/div><\/section><\/div><div class=\"flex_column av_two_fifth  flex_column_div av-zero-column-padding   \" style='border-radius:0px; '><p><div style='height:20px' class='hr hr-invisible '><span class='hr-inner ' ><span class='hr-inner-style'><\/span><\/span><\/div><br \/>\n<div class='avia-button-wrap avia-button-left '><a href='http:\/\/www.creativexpo.ro\/index.php\/cerere-de-oferta\/' class='avia-button  avia-icon_select-no avia-color-theme-color avia-size-large avia-position-left '   ><span class='avia_iconbox_title' >APASA AICI<\/span><\/a><\/div><\/p><\/div>\n<\/p>\n","protected":false},"excerpt":{"rendered":"","protected":false},"author":1,"featured_media":0,"parent":0,"menu_order":0,"comment_status":"closed","ping_status":"open","template":"","meta":[],"_links":{"self":[{"href":"https:\/\/www.creativexpo.ro\/index.php\/wp-json\/wp\/v2\/pages\/807"}],"collection":[{"href":"https:\/\/www.creativexpo.ro\/index.php\/wp-json\/wp\/v2\/pages"}],"about":[{"href":"https:\/\/www.creativexpo.ro\/index.php\/wp-json\/wp\/v2\/types\/page"}],"author":[{"embeddable":true,"href":"https:\/\/www.creativexpo.ro\/index.php\/wp-json\/wp\/v2\/users\/1"}],"replies":[{"embeddable":true,"href":"https:\/\/www.creativexpo.ro\/index.php\/wp-json\/wp\/v2\/comments?post=807"}],"version-history":[{"count":35,"href":"https:\/\/www.creativexpo.ro\/index.php\/wp-json\/wp\/v2\/pages\/807\/revisions"}],"predecessor-version":[{"id":1192,"href":"https:\/\/www.creativexpo.ro\/index.php\/wp-json\/wp\/v2\/pages\/807\/revisions\/1192"}],"wp:attachment":[{"href":"https:\/\/www.creativexpo.ro\/index.php\/wp-json\/wp\/v2\/media?parent=807"}],"curies":[{"name":"wp","href":"https:\/\/api.w.org\/{rel}","templated":true}]}}